{"id":749,"date":"2013-10-21T22:27:39","date_gmt":"2013-10-21T20:27:39","guid":{"rendered":"http:\/\/www.erlebnishof-offenstall.at\/?page_id=749"},"modified":"2020-07-11T20:47:36","modified_gmt":"2020-07-11T18:47:36","slug":"wir","status":"publish","type":"page","link":"http:\/\/www.erlebnishof-offenstall.at\/?page_id=749","title":{"rendered":"Wir &#038; Downloads"},"content":{"rendered":"<p align=\"left\"><strong>Meine Familie:<\/strong><\/p>\n<p align=\"left\">Meinem beiden Buben Niklas und Michael&#8230; und Nachz\u00fcgler Jonas&#8230;<\/p>\n<p align=\"left\">\u00a0<a href=\"http:\/\/www.erlebnishof-offenstall.at\/wp-content\/uploads\/20140613_163607komp.jpg\"><img loading=\"lazy\" class=\"alignnone size-medium wp-image-1208\" src=\"http:\/\/www.erlebnishof-offenstall.at\/wp-content\/uploads\/20140613_163607komp-300x225.jpg\" alt=\"20140613_163607komp\" width=\"300\" height=\"225\" srcset=\"http:\/\/www.erlebnishof-offenstall.at\/wp-content\/uploads\/20140613_163607komp-300x225.jpg 300w, http:\/\/www.erlebnishof-offenstall.at\/wp-content\/uploads\/20140613_163607komp-1024x768.jpg 1024w, http:\/\/www.erlebnishof-offenstall.at\/wp-content\/uploads\/20140613_163607komp-160x120.jpg 160w, http:\/\/www.erlebnishof-offenstall.at\/wp-content\/uploads\/20140613_163607komp.jpg 1632w\" sizes=\"(max-width: 300px) 100vw, 300px\" \/>\u00a0<img loading=\"lazy\" class=\"alignnone size-medium wp-image-2121\" src=\"http:\/\/www.erlebnishof-offenstall.at\/wp-content\/uploads\/IMGP2806-300x225.jpg\" alt=\"\" width=\"300\" height=\"225\" srcset=\"http:\/\/www.erlebnishof-offenstall.at\/wp-content\/uploads\/IMGP2806-300x225.jpg 300w, http:\/\/www.erlebnishof-offenstall.at\/wp-content\/uploads\/IMGP2806.jpg 347w\" sizes=\"(max-width: 300px) 100vw, 300px\" \/><\/a><\/p>\n<p align=\"left\">Das bin ich&#8230;<\/p>\n<p align=\"left\"><a href=\"http:\/\/www.erlebnishof-offenstall.at\/wp-content\/uploads\/DSCN1539.jpg\"><img loading=\"lazy\" class=\"alignnone size-medium wp-image-1209\" src=\"http:\/\/www.erlebnishof-offenstall.at\/wp-content\/uploads\/DSCN1539.jpg\" alt=\"DSCN1539\" width=\"122\" height=\"172\" \/><\/a>\u00a0\u00a0\u00a0 <a href=\"http:\/\/www.erlebnishof-offenstall.at\/wp-content\/uploads\/DSCN1506.jpg\"><img loading=\"lazy\" class=\"alignnone size-medium wp-image-1212\" src=\"http:\/\/www.erlebnishof-offenstall.at\/wp-content\/uploads\/DSCN1506-176x300.jpg\" alt=\"DSCN1506\" width=\"176\" height=\"300\" srcset=\"http:\/\/www.erlebnishof-offenstall.at\/wp-content\/uploads\/DSCN1506-176x300.jpg 176w, http:\/\/www.erlebnishof-offenstall.at\/wp-content\/uploads\/DSCN1506.jpg 473w\" sizes=\"(max-width: 176px) 100vw, 176px\" \/><\/a><a id=\"set-post-thumbnail\" title=\"Beitragsbild festlegen\" href=\"http:\/\/www.erlebnishof-offenstall.at\/wp-admin\/media-upload.php?post_id=749&amp;type=image&amp;TB_iframe=1\"><\/a><\/p>\n<p align=\"left\">Hannes Soukup mein Stiefvater..<\/p>\n<p align=\"left\"><a href=\"http:\/\/www.erlebnishof-offenstall.at\/wp-content\/uploads\/SAM_0075hp.jpg\"><img loading=\"lazy\" class=\"size-medium wp-image-773 aligncenter\" src=\"http:\/\/www.erlebnishof-offenstall.at\/wp-content\/uploads\/SAM_0075hp-300x215.jpg\" alt=\"SAM_0075hp\" width=\"366\" height=\"245\" srcset=\"http:\/\/www.erlebnishof-offenstall.at\/wp-content\/uploads\/SAM_0075hp-390x261.jpg 390w, http:\/\/www.erlebnishof-offenstall.at\/wp-content\/uploads\/SAM_0075hp-120x80.jpg 120w\" sizes=\"(max-width: 366px) 100vw, 366px\" \/><\/a><\/p>\n<p align=\"left\"><strong>Ein kurzer tierischer\u00a0Werdegang von mir:<\/strong><\/p>\n<p style=\"text-align: left;\" align=\"center\">Durch\u00a0meinen Opa hatte ich die M\u00f6glichkeit mit Tieren aufzuwachsen. Mit 4\u00a0Jahren hatte ich schon mein eigenes Shetlandpony Kerulein mit der\u00a0ich meine ersten Erfahrungen auf dem Pony sammelte und so das Reiten\u00a0erlernte. Nach dem Shetty folgte die Islaenderstute Disa. Mit 12 schenkte mir dann mein Opa eine 6 Monate alte Haflingeraraberstute Namens Susi, diese habe ich dann schon selbst zugeritten und trainiert.<\/p>\n<p align=\"left\">Nebenbei\u00a0haben ich mich natuerlich auch schon um alle anderen Tier auf dem Hof gek\u00fcmmert,\u00a0\u00a0ausgemistet, gef\u00fcttert etc.. Damals hatten wir Schweine f\u00fcr den Eigenbedarf, Ziegen, Schlachtkaninchen und Meerschweinchen. Von meinem Opa habe ich sehr viel \u00fcber die Tiere und deren artgerechte Haltung\u00a0\u00a0gelernt.\u00a0 Meine Haflingeraraberstute &#8222;Susi&#8220; ist\u00a0 2017 mit 29 Jahren f\u00fcr immer von uns geganagen.<\/p>\n<p align=\"left\"><strong>1998<\/strong>\u00a0\u00a0\u00a0\u00a0\u00a0\u00a0\u00a0\u00a0\u00a0\u00a0\u00a0\u00a0\u00a0\u00a0\u00a0\u00a0 2 t\u00e4giger Natural Horsemanship Kurs, FENA Reiterpass<br \/>\n<strong>1999<\/strong>\u00a0\u00a0\u00a0\u00a0\u00a0\u00a0\u00a0\u00a0\u00a0\u00a0\u00a0\u00a0\u00a0\u00a0\u00a0\u00a0 \u00d6sterr. Pferdesamariter<br \/>\n<strong>2000\u00a0\u00a0<\/strong>\u00a0\u00a0\u00a0\u00a0\u00a0\u00a0\u00a0\u00a0\u00a0\u00a0\u00a0\u00a0\u00a0\u00a0 FENA Reiternadel<br \/>\n<strong>2004\u00a0\u00a0<\/strong>\u00a0\u00a0\u00a0\u00a0\u00a0\u00a0\u00a0\u00a0\u00a0\u00a0\u00a0\u00a0\u00a0\u00a0 JungedbetreuerInnenseminar Snowboard, Naturfreunde<\/p>\n<p align=\"left\">Seit <strong>2007\u00a0\u00a0<\/strong>\u00a0\u00a0\u00a0\u00a0\u00a0\u00a0\u00a0\u00a0\u00d6KV eingetragener Z\u00fcchter und Zuchtst\u00e4tte von Australian Shepherd, \u201eOffenstall Simmering\u201c<\/p>\n<p align=\"left\"><strong>2008-2012<\/strong><\/p>\n<p align=\"left\">\u00a0Abschluss TAT \u2013 Universit\u00e4tslehrgang<br \/>\n&#8220; Akademisch gepr\u00fcfte Fachkraft f\u00fcr Tiergest\u00fctze Therapie und Tiergest\u00fctze F\u00f6rderma\u00dfnahmen&#8220;, Vet med Wien\u00a0(Berufsbegleitend)<\/p>\n<p>Abschlussarbeit:<br \/>\nBrauchen Kinder Tiere? Erlebnishof Simmering &#8211; ein Tag am Bauernhof f\u00fcr Kinder aus dem st\u00e4dtischen Raum. Was bewirken Tiere bei den Kindern.<\/p>\n<p><a href=\"http:\/\/www.erlebnishof-offenstall.at\/wp-content\/uploads\/Hausarbeit-6-Lehrgang-Wolf_Lenauer.pdf\">Hausarbeit 6 Lehrgang Wolf_Lenauer<\/a><\/p>\n<p><a href=\"http:\/\/www.erlebnishof-offenstall.at\/wp-content\/uploads\/Hausarbeit-6.-Lehrgang-Sallaba-.pdf\">Hausarbeit 6. Lehrgang Sallaba<\/a><\/p>\n<p><strong>2009\u00a0<\/strong><\/p>\n<p align=\"left\">TAT Therapiehundekurs \u2013 derzeit vier gepr\u00fcfte Therapiehunde<br \/>\nWorkshop f\u00fcr die Haltung und Pflege von Lamas und Alpakas<br \/>\nNHT (Natural Horsemanship Kurs)<\/p>\n<p align=\"left\"><strong>2010\u00a0\u00a0\u00a0<\/strong><\/p>\n<p align=\"left\">Erstz\u00fcchterseminar \u00d6KV<br \/>\nLFI- Zertifikatslehrgang, Abschluss Reitp\u00e4dagogische Betreuerin FEBS<br \/>\nAbschlussarbeit: &#8222;Herbstlicher Hindernissparcour mit Pony Susi&#8220;<a href=\"http:\/\/www.erlebnishof-offenstall.at\/wp-content\/uploads\/Logo.gif\"><img loading=\"lazy\" class=\"alignnone size-full wp-image-864\" src=\"http:\/\/www.erlebnishof-offenstall.at\/wp-content\/uploads\/Logo.gif\" alt=\"Logo\" width=\"180\" height=\"120\" \/><\/a><\/p>\n<p align=\"left\"><a href=\"http:\/\/www.erlebnishof-offenstall.at\/wp-content\/uploads\/FEBS-Stundenbild.pdf\">FEBS Stundenbild<\/a><\/p>\n<p align=\"left\">Kinderbetreuungskurs<\/p>\n<p align=\"left\"><strong>2011\u00a0<\/strong><\/p>\n<p align=\"left\">Erstz\u00fcchterseminar, \u00d6KV<br \/>\nBiologische Grundlagen der Mensch Hund Beziehung 3 Tage, \u00d6KV<br \/>\nVom Wolf zum Hund, \u00d6KV<\/p>\n<p align=\"left\"><strong>2012-2013<\/strong><\/p>\n<p align=\"left\">Grundkurs f\u00fcr Jugendarbeit, Wien eXtra Institut f\u00fcr Freizeitp\u00e4dagogik<br \/>\nAbschlu\u00dfprojekt: &#8222;Die Feuerstelle&#8220;<\/p>\n<p align=\"left\"><a href=\"http:\/\/www.erlebnishof-offenstall.at\/wp-content\/uploads\/Feuerstelle.pdf\">Feuerstelle<\/a><\/p>\n<p style=\"text-align: left;\" align=\"left\">Z\u00fcchter und Zuchtwarteseminar, \u00d6KV<br \/>\nWelpenfr\u00fcherziehung, \u00d6KV<br \/>\nHundeausbildung und Verhaltenstherapie, \u00d6KV<\/p>\n<p style=\"text-align: left;\" align=\"left\"><strong>2014<\/strong><\/p>\n<p style=\"text-align: left;\" align=\"left\">Ausbildung Aufbaulehrgang Jugendarbeit, \u00a0Wien eXtra Institut f\u00fcr Freizeitp\u00e4dagogik<br \/>\nAbschlu\u00dfarbeit: Tiergest\u00fctzte offene Jugendarbeit?<\/p>\n<p style=\"text-align: left;\" align=\"left\"><a href=\"http:\/\/www.erlebnishof-offenstall.at\/wp-content\/uploads\/Abschlussarbeit_Aufbaulehrgang2014.pdf\">Abschlussarbeit_Aufbaulehrgang2014<\/a><\/p>\n<p>Hundezuchtseminar \u00d6KV Genetik<br \/>\nHundezuchtseminar ASK , Poulation<\/p>\n<p><strong>2015<\/strong><\/p>\n<p>\u00d6AKTI Fr\u00fchjahrskongress Tiergest\u00fctzte Intervention<br \/>\nZ\u00fcchterinformationatagung Vet Med<\/p>\n<p><strong>2017<\/strong><\/p>\n<p>Z\u00fcchterinformationstagung Vet med<br \/>\nHundezuchtseminar \u00d6KV mein Welpe<\/p>\n<p style=\"text-align: left;\" align=\"left\"><strong>weitere Projekte:<\/strong><\/p>\n<p>Jugend Umwelt Greenjobs Inklusio <strong><a href=\"http:\/\/www.erlebnishof-offenstall.at\/wp-content\/uploads\/JUGI-.pdf\">JUGI<\/a><\/strong><\/p>\n<p>Von der A(chatschnecke) bis zur Z(iege), Tiergest\u00fctzte Intervention Theorie und Praxis<br \/>\n<a href=\"http:\/\/www.erlebnishof-offenstall.at\/wp-content\/uploads\/Literatur-Tiergest\u00fctzte-Intervention.pdf\">Literatur Tiergest\u00fctzte Intervention<\/a><\/p>\n<p><a href=\"http:\/\/www.erlebnishof-offenstall.at\/wp-content\/uploads\/Link-Liste.pdf\">Link Liste<\/a><\/p>\n<p><a href=\"http:\/\/www.erlebnishof-offenstall.at\/wp-content\/uploads\/Kurierartikel.pdf\">Kurierartikel<\/a><\/p>\n","protected":false},"excerpt":{"rendered":"<p>Meine Familie: Meinem beiden Buben Niklas und Michael&#8230; und Nachz\u00fcgler Jonas&#8230; \u00a0\u00a0 Das bin ich&#8230; \u00a0\u00a0\u00a0 Hannes Soukup mein Stiefvater.. Ein kurzer tierischer\u00a0Werdegang von mir: Durch\u00a0meinen Opa hatte ich die <a class=\"more-link\" href=\"http:\/\/www.erlebnishof-offenstall.at\/?page_id=749\">Weiterlesen \u2192<\/a><\/p>\n","protected":false},"author":2,"featured_media":0,"parent":0,"menu_order":0,"comment_status":"closed","ping_status":"open","template":"","meta":[],"_links":{"self":[{"href":"http:\/\/www.erlebnishof-offenstall.at\/index.php?rest_route=\/wp\/v2\/pages\/749"}],"collection":[{"href":"http:\/\/www.erlebnishof-offenstall.at\/index.php?rest_route=\/wp\/v2\/pages"}],"about":[{"href":"http:\/\/www.erlebnishof-offenstall.at\/index.php?rest_route=\/wp\/v2\/types\/page"}],"author":[{"embeddable":true,"href":"http:\/\/www.erlebnishof-offenstall.at\/index.php?rest_route=\/wp\/v2\/users\/2"}],"replies":[{"embeddable":true,"href":"http:\/\/www.erlebnishof-offenstall.at\/index.php?rest_route=%2Fwp%2Fv2%2Fcomments&post=749"}],"version-history":[{"count":31,"href":"http:\/\/www.erlebnishof-offenstall.at\/index.php?rest_route=\/wp\/v2\/pages\/749\/revisions"}],"predecessor-version":[{"id":2367,"href":"http:\/\/www.erlebnishof-offenstall.at\/index.php?rest_route=\/wp\/v2\/pages\/749\/revisions\/2367"}],"wp:attachment":[{"href":"http:\/\/www.erlebnishof-offenstall.at\/index.php?rest_route=%2Fwp%2Fv2%2Fmedia&parent=749"}],"curies":[{"name":"wp","href":"https:\/\/api.w.org\/{rel}","templated":true}]}}